 3
Let j(v) = -2*v + 8. What are the prime factors of j(2)?
2
Let p = -6 + 8. Let y = p - -2. Suppose 0*k + 28 = y*k. What are the prime factors of k?
7
Let h(d) = d + 1. Let y be h(3). Let r be (-14)/y*(-4)/2. Suppose -r*a + 2*a = -55. What are the prime factors of a?
11
Suppose -57 = -5*y - 3*x + 366, 281 = 3*y - 5*x. What are the prime factors of y?
3, 29
What are the prime factors of (-595)/(-15) + (4/(-3))/2?
3, 13
Let s(q) be the second derivative of -q**3/6 + q**2/2 - 2*q. Suppose 0 = 2*l + 17 + 1. List the prime factors of s(l).
2, 5
Suppose -12*k + 8*k = -40. Let q(o) = 2 + o**2 + 8 + 10*o - 2*o**2. What are the prime factors of q(k)?
2, 5
What are the prime factors of ((-4)/(-14))/(4/28) + 35?
37
Suppose 0 = 2*w + 24 - 80. Let j = w - 16. Suppose -g = -4*g + j. What are the prime factors of g?
2
Let g(h) = 4*h**3 + h**2. Let v = 3 - 2. Let s be g(v). Suppose -5*n + 2*u + 55 = 5*u, -s*n + 80 = -2*u. What are the prime factors of n?
2, 7
Suppose 0 = 4*q + 2*z - 85 - 999, z = q - 271. What are the prime factors of q?
271
Let y = 451 + -180. What are the prime factors of y?
271
Suppose -5*y = -7*y + 8. Let m(u) = u - 2 - 5*u + 2*u + y*u**2 + u. What are the prime factors of m(-2)?
2
Suppose -p = -0 - 3. Let h be 1*1/(p/9). Suppose z - h = 6. What are the prime factors of z?
3
Suppose 482 = 4*t - 98. What are the prime factors of t?
5, 29
Suppose -3 = j - 2*j. Suppose 0*o = j*o - 108. What are the prime factors of (o/8)/((-1)/(-2))?
3
Let x = -2 + 5. Suppose -2*p - x*p = -70. List the prime factors of p.
2, 7
Let u = 106 + -60. List the prime factors of u.
2, 23
Let s = 4 - 0. Suppose 0 = -s*d - 3 - 1. Let o = 3 + d. What are the prime factors of o?
2
Let h(u) = u**3 + u**2 + 7*u + 2. Let v be h(-5). Let o be (-2)/4 + v/(-14). Suppose -c + 15 = 2*t - o, -5*c = -5*t - 90. List the prime factors of c.
2, 5
What are the prime factors of -6 + 47 - 3/(-1)?
2, 11
Suppose -986 = -5*g - 4*d + 358, -2*g = 2*d - 536. What are the prime factors of g?
2, 17
Let r(a) = 5*a**3 - 3*a**2 + 9*a - 18. What are the prime factors of r(3)?
3, 13
What are the prime factors of (-1)/(4 - 573/143)?
11, 13
List the prime factors of 2 - (4 + -2) - -76.
2, 19
Suppose -47 = -4*b - 0*b + 3*t, 0 = t + 5. Suppose h = 3*s + 4, 0*h + 2*h = -s + b. List the prime factors of h.
2
Let o(z) = z**3 - 4*z**2 - 7*z + 7. What are the prime factors of o(6)?
37
Suppose 4*z = -4*t + 12, -4*z = -3*z + 2. Suppose v - s = t, 17 = 3*v - 0*s - 5*s. Suppose -5*d + 51 = -m, -2*d + v*m + 2 = -m. What are the prime factors of d?
11
Let m(i) = i**2 + i - 1. Let o be -3*(1 - (-14)/(-6)). List the prime factors of m(o).
19
Suppose -4*k + 7*k = 3*w - 630, 0 = -4*w + 5*k + 841. List the prime factors of w.
11, 19
Let t be (-78)/(-9) + 4/(-6). What are the prime factors of 94/t + (-1)/(-4)?
2, 3
Let k = 2 - 0. List the prime factors of (12/(-15))/(k/(-5)).
2
Let f(l) = -l**2 - 6*l + 4. Let u be f(-6). Suppose -o = -5*x - 21, -u*o + 4*x = 3 - 55. Suppose 3*h + 2*w = o, 2*w + 1 = -9. What are the prime factors of h?
7
Let h(d) = -d**3 - 10*d**2 - 19*d - 11. What are the prime factors of h(-8)?
13
Suppose 0 = -3*c + 3*n + 516, 0*c - 2*c = -4*n - 336. List the prime factors of c.
2, 11
Let l = 8 + 2. Suppose -4*j + 4*w + 2 = -14, 0 = -3*j - 4*w + 5. Suppose -j = b - l. List the prime factors of b.
7
Let b(a) = -a**3 - 9*a**2 - 8*a + 9. What are the prime factors of b(-8)?
3
Suppose 1 = 2*l - 1. Let h = 8 - l. Let v = h - 2. What are the prime factors of v?
5
Suppose -k + 16 + 2 = 0. Suppose -6*i + 2*d = -i + 41, i = -5*d + 8. Let o = k + i. What are the prime factors of o?
11
What are the prime factors of 182 + 4/4*2?
2, 23
Suppose -5*v - 10 = -2*t - 31, v + 3 = 4*t. Let u(x) = 8*x + 2 + 3 - x**t - 6. What are the prime factors of u(7)?
2, 3
Let l be (-20)/12 + 3/(-9). Suppose 763 = -5*d - 37. What are the prime factors of d/(-28) - l/7?
2, 3
Suppose -3*i - 5*c = -40, -2*i + 0*c - 2*c = -20. Let z be ((-3)/4)/(4/(-16)). Suppose z*n - 10 + 27 = f, 0 = i*f + 5*n - 105. List the prime factors of f.
2, 5
Let m(h) be the third derivative of -h**6/60 - h**5/12 + h**4/8 - 10*h**2. List the prime factors of m(-4).
2, 3
Let q be -2*(-1 - 11/(-2)). Let w(a) = -a + 1. What are the prime factors of w(q)?
2, 5
Let z(g) be the first derivative of g**4/4 + 2*g**3 - g**2/2 + 4*g - 2. What are the prime factors of z(-6)?
2, 5
Let d = 118 - 59. Let a = 84 - d. Suppose 3*w = 14 + a. What are the prime factors of w?
13
Suppose 6*n - 3*n = 3*l + 552, 0 = 5*l + 25. List the prime factors of n.
179
Suppose -2*o + 1 = 2*d - 5, 3*o - d = 5. Let g be 0/(-1*(o + 0)). Suppose 2*h = m + 8, g*m = 5*h - m - 23. What are the prime factors of h?
5
Let y be 3 - (-1 + -1 + 5). Suppose -5*z - 92 + 27 = -5*g, -z - 3 = y. What are the prime factors of g?
2, 5
Suppose -2*b = -5*d + 21, -d + 13 = -0*d + 4*b. Suppose -d*k + 4*k + 10 = 0. What are the prime factors of k?
2, 5
Let o(p) = 8*p**2 - 1. Let z be o(1). Suppose -10 = 2*d - z*d. Let r(t) = 3*t**2 - 4*t + 3. What are the prime factors of r(d)?
7
What are the prime factors of (27/(-12))/((-5)/20)?
3
Suppose -w = -2*w + 59. List the prime factors of w.
59
Suppose 4*o - 2 = -3*n, -5*o + 2*n + n = -16. Suppose 3*m - 26 = -o. What are the prime factors of m?
2
Let v = 40 - 89. Let z = -34 - v. What are the prime factors of z?
3, 5
Let p(a) = -a + 10. Let n be p(9). Let g be 22/12 + n/6. Suppose 0 = -g*d + 14 - 0. What are the prime factors of d?
7
Suppose 2*i = 7*i. Suppose 2*z + 0*z = 10. Suppose 10 = z*y, i*n = 2*n + 4*y - 20. What are the prime factors of n?
2, 3
Let l(k) = -k**2 - 8*k - 1. Suppose 0 = 4*w + 4*c - 16, 3*w = 4*c - c. Suppose -15 = m + w*m. What are the prime factors of l(m)?
2, 7
Suppose 251 = 5*y + 3*h, -y = 2*h + 2*h - 40. What are the prime factors of y?
2, 13
Suppose 5*n - 363 = 2*m, -3*n - 5*m = -0*m - 224. List the prime factors of n.
73
Let s = 28 + -88. Let m be (-2)/(-8) + s/(-16). What are the prime factors of 4/3*18/m?
2, 3
What are the prime factors of 54 - ((-6)/4)/((-7)/(-14))?
3, 19
Suppose -9 = -4*t - 1. Let l = t + 1. Suppose g - 5 = l. What are the prime factors of g?
2
Let k(r) = r**3 + 1. Suppose -3*o = -4*o + 1. Let m be k(o). List the prime factors of (m - (3 - 0)) + 4.
3
Let m be -63 - (-1 + -2 + 1). Let p = -41 - m. What are the prime factors of p?
2, 5
Let t(u) = u - 1. Suppose 0 = 5*m + 1 - 46. What are the prime factors of t(m)?
2
Suppose -7*k + 6*k + 272 = 0. List the prime factors of k.
2, 17
Suppose 1 = 2*m - 7. Let z(y) = 2*y - m*y**2 + 4*y + y**3 + 8 - 3*y**2. What are the prime factors of z(6)?
2
Suppose q = -4*q + 25. Let b(o) = -2*o**3 - o**2 - o. Let z be b(-3). Suppose 3 - z = -q*i. What are the prime factors of i?
3
Suppose 3*x + x = 0. Let n be (10/25)/(1/10). Suppose w + j = 3, x = n*w + j - 7 - 14. What are the prime factors of w?
2, 3
Let t be 1/1 + (-6)/(-2). Suppose 0 = -t*u + 3 + 25. What are the prime factors of (-8 + 1)*(-6)/u?
2, 3
Let o(y) = -3*y + 3. Let m(k) be the first derivative of -13*k**2/2 + 11*k - 3. Let r(f) = -2*m(f) + 9*o(f). List the prime factors of r(-6).
11
Suppose 2*v = -2, 0*f + 3*f = -4*v + 26. What are the prime factors of (13/(-1))/((-5)/f)?
2, 13
Suppose -p = 6*h - h - 499, -5*p + 20 = 0. Let t = -71 + h. What are the prime factors of t?
2, 7
Let q = 8 - 13. Let b(r) = 4*r + 7. Let y be b(q). Let s = y - -25. What are the prime factors of s?
2, 3
What are the prime factors of 16/(-4)*47/(-4)?
47
Let p(u) = u**2 + 4*u + 11. List the prime factors of p(6).
71
Let h be 22/6 - (-6)/(-9). Suppose -3 = -u + 3*z, -4*u + 3*u - 4*z + h = 0. What are the prime factors of u?
3
Let j(q) = -q**3 - 7*q**2 + 8*q + 5. Let v be j(-8). Suppose -100 = -4*a + 4*y, v*a + 4*y = y + 133. Suppose 2*p = -0*p + a. List the prime factors of p.
13
Let c = -2 - -5. Suppose 2*k + 2*a = -2, -c*k - a + 2 + 3 = 0. Suppose -k*z + 11 = -2*z. List the prime factors of z.
11
Suppose -9 = 4*g - 37. Suppose -6*l = 2*x - 3*l - 10, -2 = -2*x - l. Let j = x + g. What are the prime factors of j?
2, 3
Let f(g) = 16*g - 42. List the prime factors of f(13).
2, 83
Let n(v) = 32*v**3 + v**2 - 3*v + 3. List the prime factors of n(1).
3, 11
Suppose 2*j + 9 = 3. List the prime factors of (25 + (-4 - j))*1.
2, 3
Suppose 0*p - 5*p + 185 = 0. What a